emainder when 1010977 is divided by 34857?
124
Calculate the remainder when 556087 is divided by 314.
307
What is the remainder when 165660704 is divided by 28386?
8
What is the remainder when 497273 is divided by 165746?
35
Calculate the remainder when 1906259 is divided by 47.
33
What is the remainder when 16022154 is divided by 45?
39
Calculate the remainder when 1737185 is divided by 10527.
230
Calculate the remainder when 839567 is divided by 419711.
145
Calculate the remainder when 71906181 is divided by 152.
149
Calculate the remainder when 11793 is divided by 5126.
1541
What is the remainder when 609761 is divided by 1480?
1
What is the remainder when 2214790 is divided by 1393?
1313
Calculate the remainder when 72905578 is divided by 26.
18
Calculate the remainder when 253379 is divided by 23027.
82
Calculate the remainder when 823347 is divided by 8.
3
Calculate the remainder when 9501 is divided by 1039.
150
What is the remainder when 13414519 is divided by 253?
206
Calculate the remainder when 2608772 is divided by 96616.
140
Calculate the remainder when 1625927 is divided by 812939.
49
What is the remainder when 804434 is divided by 804407?
27
Calculate the remainder when 27792630 is divided by 803.
800
What is the remainder when 192227474 is divided by 451?
450
What is the remainder when 16463004 is divided by 2743827?
42
Calculate the remainder when 786826 is divided by 149.
106
What is the remainder when 2858338 is divided by 2856409?
1929
What is the remainder when 57787480 is divided by 14446867?
12
Calculate the remainder when 972727 is divided by 138898.
441
Calculate the remainder when 12983651 is divided by 865.
1
Calculate the remainder when 2160176 is divided by 1411.
1346
Calculate the remainder when 2537016 is divided by 5037.
3405
What is the remainder when 292252 is divided by 16231?
94
Calculate the remainder when 46157 is divided by 10962.
2309
Calculate the remainder when 879313244 is divided by 53.
49
Calculate the remainder when 103639 is divided by 40.
39
What is the remainder when 367345 is divided by 950?
645
What is the remainder when 1086666 is divided by 526?
476
What is the remainder when 7142280 is divided by 1020322?
26
Calculate the remainder when 19279511 is divided by 6426500.
11
Calculate the remainder when 11943746 is divided by 650.
646
What is the remainder when 14502341 is divided by 34?
15
What is the remainder when 68984 is divided by 13793?
19
What is the remainder when 28539565 is divided by 1240849?
38
What is the remainder when 130348 is divided by 16250?
348
What is the remainder when 159835 is divided by 253?
192
What is the remainder when 273073 is divided by 45485?
163
What is the remainder when 57355192 is divided by 800?
792
Calculate the remainder when 21367696 is divided by 1124614.
30
What is the remainder when 2983136 is divided by 285?
41
What is the remainder when 225494 is divided by 1832?
158
What is the remainder when 2563523 is divided by 1700?
1623
What is the remainder when 8059 is divided by 1328?
91
What is the remainder when 95020747 is divided by 9?
7
What is the remainder when 22272391 is divided by 4374?
4357
What is the remainder when 114871 is divided by 114?
73
What is the remainder when 36637389 is divided by 21?
12
Calculate the remainder when 3188698 is divided by 225.
223
What is the remainder when 43315 is divided by 1097?
532
Calculate the remainder when 114358 is divided by 4238.
4170
What is the remainder when 26340315 is divided by 662?
659
Calculate the remainder when 197646 is divided by 417.
405
Calculate the remainder when 272033148 is divided by 45338857.
6
What is the remainder when 10592806 is divided by 623?
560
What is the remainder when 83222 is divided by 1221?
194
What is the remainder when 693660657 is divided by 89?
86
What is the remainder when 70631457 is divided by 1668?
1665
Calculate the remainder when 20631648 is divided by 2947378.
2
What is the remainder when 4725787 is divided by 863?
862
Calculate the remainder when 841 is divided by 43.
24
Calculate the remainder when 143545 is divided by 262.
231
Calculate the remainder when 5811278 is divided by 5810998.
280
Calculate the remainder when 3542543 is divided by 3694.
3691
What is the remainder when 34828702 is divided by 169?
168
Calculate the remainder when 484889 is divided by 242419.
51
Calculate the remainder when 15322 is divided by 91.
34
Calculate the remainder when 121716 is divided by 544.
404
What is the remainder when 12962225 is divided by 1620270?
65
Calculate the remainder when 39263666 is divided by 34.
24
Calculate the remainder when 233241 is divided by 33284.
253
What is the remainder when 12292851 is divided by 111?
45
What is the remainder when 81865525 is divided by 27288500?
25
What is the remainder when 2473759 is divided by 977?
972
What is the remainder when 518752 is divided by 489?
412
What is the remainder when 315743 is divided by 138?
137
Calculate the remainder when 44778 is divided by 43940.
838
Calculate the remainder when 392825 is divided by 98198.
33
Calculate the remainder when 190169 is divided by 23770.
9
What is the remainder when 25743 is divided by 1730?
1523
Calculate the remainder when 4121692 is divided by 257605.
12
What is the remainder when 8941537 is divided by 72109?
21
What is the remainder when 101414616 is divided by 3847?
2
Calculate the remainder when 327337 is divided by 163442.
453
What is the remainder when 14284079 is divided by 240?
239
Calculate the remainder when 58115285 is divided by 4049.
4037
What is the remainder when 16478487 is divided by 32?
23
What is the remainder when 136240038 is divided by 604?
590
What is the remainder when 144410 is divided by 10313?
28
What is the remainder when 58195063 is divided by 569?
19
What is the remainder when 283212736 is divided by 1123?
1120
What is the remainder when 47013571 is divided by 4?
3
Calculate the remainder when 37490816 is divided by 273.
272
Calculate the remainder when 6764366 is divided by 235.
126
What is the remainder when 41533196 is divided by 28139?
32
What is the remainder when 136571516 is divided by 6207796?
4
What is the remainder when 1449853 is divided by 177?
46
Calculate the remainder when 215941 is divided by 53951.
137
Calculate the remainder when 1435449 is divided by 1435264.
185
What is the remainder when 1312233 is divided by 26244?
33
What is the remainder when 19579 is divided by 19504?
75
What is the remainder when 9786878 is divided by 8881?
16
Calculate the remainder when 3459153 is divided by 422.
19
Calculate the remainder when 64538 is divided by 32256.
26
What is the remainder when 77686 is divided by 25461?
1303
What is the remainder when 21435 is divided by 6953?
576
Calculate the remainder when 310566 is divided by 1783.
324
What is the remainder when 1786850 is divided by 4234?
102
What is the remainder when 183719 is divided by 523?
146
What is the remainder when 103918 is divided by 418?
254
What is the remainder when 1056692 is divided by 316?
304
What is the remainder when 296635 is divided by 26359?
6686
Calculate the remainder when 66364 is divided by 1746.
16
Calculate the remainder when 3005449 is divided by 18438.
55
Calculate the remainder when 14437249 is divided by 60.
49
What is the remainder when 2967990 is divided by 2299?
2280
What is the remainder when 13682545 is divided by 8879?
6
Calculate the remainder when 14894967 is divided by 20.
7
Calculate the remainder when 87989918 is divided by 160.
158
Calculate the remainder when 14042652 is divided by 3510659.
16
What is the remainder when 483782 is divided by 723?
95
What is the remainder when 231909 is divided by 10?
9
Calculate the remainder when 21729 is divided by 5227.
821
Calculate the remainder when 89211 is divided by 338.
317
What is the remainder when 39377 is divided by 169?
0
Calculate the remainder when 4085888 is divided by 207.
122
What is the remainder when 58728724 is divided by 913?
912
Calculate the remainder when 35115 is divided by 6132.
4455
What is the remainder when 12872240 is divided by 201?
200
Calculate the remainder when 308192 is divided by 34239.
41
What is the remainder when 386713 is divided by 1?
0
Calculate the remainder 